{"id":2,"date":"2024-05-22T16:07:22","date_gmt":"2024-05-22T14:07:22","guid":{"rendered":"http:\/\/wrbwebapp02\/gd\/?page_id=2"},"modified":"2025-11-25T17:53:04","modified_gmt":"2025-11-25T16:53:04","slug":"beispiel-seite","status":"publish","type":"page","link":"https:\/\/www.groovediscovery.de\/","title":{"rendered":"Live Musik ist unsere Leidenschaft!"},"content":{"rendered":"<div class=\"wp-block-image\">\n<figure class=\"aligncenter size-full\"><img loading=\"lazy\" decoding=\"async\" width=\"600\" height=\"287\" src=\"https:\/\/www.groovediscovery.de\/wp-content\/uploads\/2024\/07\/GD-Web.jpg\" alt=\"\" class=\"wp-image-160\" srcset=\"https:\/\/www.groovediscovery.de\/wp-content\/uploads\/2024\/07\/GD-Web.jpg 600w, https:\/\/www.groovediscovery.de\/wp-content\/uploads\/2024\/07\/GD-Web-300x144.jpg 300w\" sizes=\"auto, (max-width: 600px) 100vw, 600px\" \/><\/figure>\n<\/div>\n\n\n<p><br><\/p>\n\n\n\n<figure class=\"wp-block-image size-large\"><img loading=\"lazy\" decoding=\"async\" width=\"1024\" height=\"576\" src=\"https:\/\/www.groovediscovery.de\/wp-content\/uploads\/2025\/11\/IMG-20250709-WA0002-1024x576.jpg\" alt=\"\" class=\"wp-image-193\" srcset=\"https:\/\/www.groovediscovery.de\/wp-content\/uploads\/2025\/11\/IMG-20250709-WA0002-1024x576.jpg 1024w, https:\/\/www.groovediscovery.de\/wp-content\/uploads\/2025\/11\/IMG-20250709-WA0002-300x169.jpg 300w, https:\/\/www.groovediscovery.de\/wp-content\/uploads\/2025\/11\/IMG-20250709-WA0002.jpg 1600w\" sizes=\"auto, (max-width: 1024px) 100vw, 1024px\" \/><\/figure>\n\n\n\n<p class=\"has-text-align-center\">Wir pr\u00e4sentieren Songs der Rock- und Popmusik bei allen m\u00f6glichen Gelegenheiten im Gro\u00dfraum Schaumburg\/Minden-L\u00fcbbecke und das absolut live, mit Charme und Authentizit\u00e4t. F\u00fcr jeden Anlass mit dem richtigen Sound und Groove. Unsere Spezialit\u00e4t ist es, Cover Versionen von modernen Songs in neuem Gewand zu pr\u00e4sentieren. Was durchaus mal ungew\u00f6hnlich interessant werden kann aber immer tanzbar und groovig bleibt! Groove Discovery macht seit 2001 Live-Musik mit diesem hohem musikalischen Anspruch. Unser Bandname steht f\u00fcr unsere Arbeitsweise, f\u00fcr unsere intensive Auseinandersetzung mit den Songs in den Proben und in der Vorbereitung f\u00fcr den Live-Act.<\/p>\n\n\n\n<p class=\"has-text-align-center\">Die Musiker unserer Band sind aus den unterschiedlichsten Jahrg\u00e4ngen und haben genauso breite Musik-Erfahrungen und -Vorlieben. Diese Vielfalt in Erfahrung, Kreativit\u00e4t und Spontanit\u00e4t spiegelt sich in unserem Repertoire wider. Ob g\u00e4ngige und beliebte Songs oder weniger bekannte aber hochwertige St\u00fccke, so vielf\u00e4ltig und flexibel wie die Musiker, so auch das Programm der Band.<\/p>\n\n\n\n<p class=\"has-text-align-center\">Groove Discovery sind:<br>Ricarda Lange (Gesang), Rainer Lodemann (Bass), Harald Meyer (Keyboard &amp; Gesang), <br>Peer Rustemeier (Gitarre &amp; Backing-Vocals) und Stephan Bante (Schlagzeug).<\/p>\n\n\n\n<p><\/p>\n\n\n\n<p class=\"has-text-align-center\"><br><br>Kontakt: <a href=\"mailto:booking@groovediscovery.de\">booking@groovediscovery.de<\/a><br><br><br><br><br><\/p>\n\n\n\n<figure class=\"wp-block-gallery has-nested-images columns-default is-cropped wp-block-gallery-1 is-layout-flex wp-block-gallery-is-layout-flex\">\n<figure class=\"wp-block-image size-large is-style-default\"><img loading=\"lazy\" decoding=\"async\" width=\"891\" height=\"1024\" data-id=\"199\" src=\"https:\/\/www.groovediscovery.de\/wp-content\/uploads\/2025\/11\/IMG-20250621-WA00262-891x1024.jpg\" alt=\"\" class=\"wp-image-199\" srcset=\"https:\/\/www.groovediscovery.de\/wp-content\/uploads\/2025\/11\/IMG-20250621-WA00262-891x1024.jpg 891w, https:\/\/www.groovediscovery.de\/wp-content\/uploads\/2025\/11\/IMG-20250621-WA00262-261x300.jpg 261w, https:\/\/www.groovediscovery.de\/wp-content\/uploads\/2025\/11\/IMG-20250621-WA00262.jpg 1770w\" sizes=\"auto, (max-width: 891px) 100vw, 891px\" \/><\/figure>\n\n\n\n<figure class=\"wp-block-image size-large\"><img loading=\"lazy\" decoding=\"async\" width=\"1024\" height=\"768\" data-id=\"201\" src=\"https:\/\/www.groovediscovery.de\/wp-content\/uploads\/2025\/11\/IMG-20250907-WA0042-1024x768.jpg\" alt=\"\" class=\"wp-image-201\" srcset=\"https:\/\/www.groovediscovery.de\/wp-content\/uploads\/2025\/11\/IMG-20250907-WA0042-1024x768.jpg 1024w, https:\/\/www.groovediscovery.de\/wp-content\/uploads\/2025\/11\/IMG-20250907-WA0042-300x225.jpg 300w, https:\/\/www.groovediscovery.de\/wp-content\/uploads\/2025\/11\/IMG-20250907-WA0042.jpg 2000w\" sizes=\"auto, (max-width: 1024px) 100vw, 1024px\" \/><\/figure>\n\n\n\n<figure class=\"wp-block-image size-large\"><img loading=\"lazy\" decoding=\"async\" width=\"768\" height=\"1024\" data-id=\"57\" src=\"http:\/\/wrbwebapp02\/gd\/wp-content\/uploads\/2024\/06\/2022-09-17-17-54-28-768x1024.jpg\" alt=\"\" class=\"wp-image-57\" srcset=\"https:\/\/www.groovediscovery.de\/wp-content\/uploads\/2024\/06\/2022-09-17-17-54-28-768x1024.jpg 768w, https:\/\/www.groovediscovery.de\/wp-content\/uploads\/2024\/06\/2022-09-17-17-54-28-225x300.jpg 225w, https:\/\/www.groovediscovery.de\/wp-content\/uploads\/2024\/06\/2022-09-17-17-54-28.jpg 1500w\" sizes=\"auto, (max-width: 768px) 100vw, 768px\" \/><\/figure>\n\n\n\n<figure class=\"wp-block-image size-large\"><img loading=\"lazy\" decoding=\"async\" width=\"1024\" height=\"768\" data-id=\"52\" src=\"http:\/\/wrbwebapp02\/gd\/wp-content\/uploads\/2024\/06\/2022-09-17-19-06-47-1024x768.jpg\" alt=\"\" class=\"wp-image-52\" srcset=\"https:\/\/www.groovediscovery.de\/wp-content\/uploads\/2024\/06\/2022-09-17-19-06-47-1024x768.jpg 1024w, https:\/\/www.groovediscovery.de\/wp-content\/uploads\/2024\/06\/2022-09-17-19-06-47-300x225.jpg 300w, https:\/\/www.groovediscovery.de\/wp-content\/uploads\/2024\/06\/2022-09-17-19-06-47.jpg 2000w\" sizes=\"auto, (max-width: 1024px) 100vw, 1024px\" \/><\/figure>\n\n\n\n<figure class=\"wp-block-image size-large\"><img loading=\"lazy\" decoding=\"async\" width=\"768\" height=\"1024\" data-id=\"55\" src=\"http:\/\/wrbwebapp02\/gd\/wp-content\/uploads\/2024\/06\/2023-09-18-19-27-03-768x1024.jpg\" alt=\"\" class=\"wp-image-55\" srcset=\"https:\/\/www.groovediscovery.de\/wp-content\/uploads\/2024\/06\/2023-09-18-19-27-03-768x1024.jpg 768w, https:\/\/www.groovediscovery.de\/wp-content\/uploads\/2024\/06\/2023-09-18-19-27-03-225x300.jpg 225w, https:\/\/www.groovediscovery.de\/wp-content\/uploads\/2024\/06\/2023-09-18-19-27-03.jpg 1500w\" sizes=\"auto, (max-width: 768px) 100vw, 768px\" \/><\/figure>\n\n\n\n<figure class=\"wp-block-image size-large\"><img loading=\"lazy\" decoding=\"async\" width=\"1024\" height=\"768\" data-id=\"60\" src=\"http:\/\/wrbwebapp02\/gd\/wp-content\/uploads\/2024\/06\/2023-09-18-19-34-18-1024x768.jpg\" alt=\"\" class=\"wp-image-60\" srcset=\"https:\/\/www.groovediscovery.de\/wp-content\/uploads\/2024\/06\/2023-09-18-19-34-18-1024x768.jpg 1024w, https:\/\/www.groovediscovery.de\/wp-content\/uploads\/2024\/06\/2023-09-18-19-34-18-300x225.jpg 300w, https:\/\/www.groovediscovery.de\/wp-content\/uploads\/2024\/06\/2023-09-18-19-34-18.jpg 2000w\" sizes=\"auto, (max-width: 1024px) 100vw, 1024px\" \/><\/figure>\n\n\n\n<figure class=\"wp-block-image size-large\"><img loading=\"lazy\" decoding=\"async\" width=\"1024\" height=\"766\" data-id=\"59\" src=\"http:\/\/wrbwebapp02\/gd\/wp-content\/uploads\/2024\/06\/2024-01-07-13-15-07-1024x766.jpg\" alt=\"\" class=\"wp-image-59\" srcset=\"https:\/\/www.groovediscovery.de\/wp-content\/uploads\/2024\/06\/2024-01-07-13-15-07-1024x766.jpg 1024w, https:\/\/www.groovediscovery.de\/wp-content\/uploads\/2024\/06\/2024-01-07-13-15-07-300x224.jpg 300w, https:\/\/www.groovediscovery.de\/wp-content\/uploads\/2024\/06\/2024-01-07-13-15-07.jpg 2000w\" sizes=\"auto, (max-width: 1024px) 100vw, 1024px\" \/><\/figure>\n\n\n\n<figure class=\"wp-block-image size-large\"><img loading=\"lazy\" decoding=\"async\" width=\"768\" height=\"1024\" data-id=\"58\" src=\"http:\/\/wrbwebapp02\/gd\/wp-content\/uploads\/2024\/06\/2024-01-07-13-29-55-768x1024.jpg\" alt=\"\" class=\"wp-image-58\" srcset=\"https:\/\/www.groovediscovery.de\/wp-content\/uploads\/2024\/06\/2024-01-07-13-29-55-768x1024.jpg 768w, https:\/\/www.groovediscovery.de\/wp-content\/uploads\/2024\/06\/2024-01-07-13-29-55-225x300.jpg 225w, https:\/\/www.groovediscovery.de\/wp-content\/uploads\/2024\/06\/2024-01-07-13-29-55.jpg 1500w\" sizes=\"auto, (max-width: 768px) 100vw, 768px\" \/><\/figure>\n\n\n\n<figure class=\"wp-block-image size-large\"><img loading=\"lazy\" decoding=\"async\" width=\"1024\" height=\"768\" data-id=\"61\" src=\"http:\/\/wrbwebapp02\/gd\/wp-content\/uploads\/2024\/06\/2022-09-17-17-31-43-1024x768.jpg\" alt=\"\" class=\"wp-image-61\" srcset=\"https:\/\/www.groovediscovery.de\/wp-content\/uploads\/2024\/06\/2022-09-17-17-31-43-1024x768.jpg 1024w, https:\/\/www.groovediscovery.de\/wp-content\/uploads\/2024\/06\/2022-09-17-17-31-43-300x225.jpg 300w, https:\/\/www.groovediscovery.de\/wp-content\/uploads\/2024\/06\/2022-09-17-17-31-43.jpg 2000w\" sizes=\"auto, (max-width: 1024px) 100vw, 1024px\" \/><\/figure>\n\n\n\n<figure class=\"wp-block-image size-large\"><img loading=\"lazy\" decoding=\"async\" width=\"1024\" height=\"576\" data-id=\"196\" src=\"https:\/\/www.groovediscovery.de\/wp-content\/uploads\/2025\/11\/IMG-20250709-WA0002-1-1024x576.jpg\" alt=\"\" class=\"wp-image-196\" srcset=\"https:\/\/www.groovediscovery.de\/wp-content\/uploads\/2025\/11\/IMG-20250709-WA0002-1-1024x576.jpg 1024w, https:\/\/www.groovediscovery.de\/wp-content\/uploads\/2025\/11\/IMG-20250709-WA0002-1-300x169.jpg 300w, https:\/\/www.groovediscovery.de\/wp-content\/uploads\/2025\/11\/IMG-20250709-WA0002-1.jpg 1600w\" sizes=\"auto, (max-width: 1024px) 100vw, 1024px\" \/><\/figure>\n\n\n\n<figure class=\"wp-block-image size-large\"><img loading=\"lazy\" decoding=\"async\" width=\"1024\" height=\"576\" data-id=\"200\" src=\"https:\/\/www.groovediscovery.de\/wp-content\/uploads\/2025\/11\/IMG-20250621-WA0033-1024x576.jpg\" alt=\"\" class=\"wp-image-200\" srcset=\"https:\/\/www.groovediscovery.de\/wp-content\/uploads\/2025\/11\/IMG-20250621-WA0033-1024x576.jpg 1024w, https:\/\/www.groovediscovery.de\/wp-content\/uploads\/2025\/11\/IMG-20250621-WA0033-300x169.jpg 300w\" sizes=\"auto, (max-width: 1024px) 100vw, 1024px\" \/><\/figure>\n\n\n\n<figure class=\"wp-block-image size-large\"><img loading=\"lazy\" decoding=\"async\" width=\"1024\" height=\"763\" data-id=\"197\" src=\"https:\/\/www.groovediscovery.de\/wp-content\/uploads\/2025\/11\/IMG-20250705-WA0001-1024x763.jpg\" alt=\"\" class=\"wp-image-197\" srcset=\"https:\/\/www.groovediscovery.de\/wp-content\/uploads\/2025\/11\/IMG-20250705-WA0001-1024x763.jpg 1024w, https:\/\/www.groovediscovery.de\/wp-content\/uploads\/2025\/11\/IMG-20250705-WA0001-300x224.jpg 300w, https:\/\/www.groovediscovery.de\/wp-content\/uploads\/2025\/11\/IMG-20250705-WA0001.jpg 1052w\" sizes=\"auto, (max-width: 1024px) 100vw, 1024px\" \/><\/figure>\n<\/figure>\n","protected":false},"excerpt":{"rendered":"<p>Wir pr\u00e4sentieren Songs der Rock- und Popmusik bei allen m\u00f6glichen Gelegenheiten im Gro\u00dfraum Schaumburg\/Minden-L\u00fcbbecke und das absolut live, mit Charme und Authentizit\u00e4t. F\u00fcr jeden Anlass mit dem richtigen Sound und Groove. Unsere Spezialit\u00e4t ist es, Cover Versionen von modernen Songs in neuem Gewand zu pr\u00e4sentieren. Was durchaus mal ungew\u00f6hnlich interessant werden kann aber immer tanzbar <a href=\"https:\/\/www.groovediscovery.de\/\" class=\"more-link\">&#8230;<span class=\"screen-reader-text\">  Live Musik ist unsere Leidenschaft!<\/span><\/a><\/p>\n","protected":false},"author":1,"featured_media":0,"parent":0,"menu_order":0,"comment_status":"closed","ping_status":"open","template":"","meta":{"footnotes":""},"class_list":["post-2","page","type-page","status-publish","hentry"],"_links":{"self":[{"href":"https:\/\/www.groovediscovery.de\/index.php?rest_route=\/wp\/v2\/pages\/2","targetHints":{"allow":["GET"]}}],"collection":[{"href":"https:\/\/www.groovediscovery.de\/index.php?rest_route=\/wp\/v2\/pages"}],"about":[{"href":"https:\/\/www.groovediscovery.de\/index.php?rest_route=\/wp\/v2\/types\/page"}],"author":[{"embeddable":true,"href":"https:\/\/www.groovediscovery.de\/index.php?rest_route=\/wp\/v2\/users\/1"}],"replies":[{"embeddable":true,"href":"https:\/\/www.groovediscovery.de\/index.php?rest_route=%2Fwp%2Fv2%2Fcomments&post=2"}],"version-history":[{"count":78,"href":"https:\/\/www.groovediscovery.de\/index.php?rest_route=\/wp\/v2\/pages\/2\/revisions"}],"predecessor-version":[{"id":202,"href":"https:\/\/www.groovediscovery.de\/index.php?rest_route=\/wp\/v2\/pages\/2\/revisions\/202"}],"wp:attachment":[{"href":"https:\/\/www.groovediscovery.de\/index.php?rest_route=%2Fwp%2Fv2%2Fmedia&parent=2"}],"curies":[{"name":"wp","href":"https:\/\/api.w.org\/{rel}","templated":true}]}}